1114544 (base 7) to base 13.
-4b074
What is -11102022100221 (base 3) in base 13?
-642b95
What is -5001276 (base 9) in base 15?
-377910
What is 1110001100010110000 (base 2) in base 9?
777856
-2706517 (base 8) to base 16
-b8d4f
Convert 12104400 (base 5) to base 16.
1b9cc
122121201011 (base 3) to base 8
1245250
Convert 234a23 (base 14) to base 11.
752531
What is 605744 (base 11) in base 12?
3ab6a8
Convert -353504 (base 9) to base 5.
-23300143
-4303140000 (base 5) to base 8
-42362113
-1206436 (base 7) to base 5
-14403134
What is -7b9e3c (base 16) in base 8?
-36717074
3116122 (base 7) to base 3
201000102011
Convert 13c86 (base 16) to base 9.
133133
What is b9734e (base 16) in base 11?
6951269
What is -128653 (base 12) in base 6?
-10312143
Convert 42215005 (base 6) to base 2.
100101100100010001101
What is -163719 (base 14) in base 11?
-491535
Convert -4902b (base 12) to base 13.
-35b04
Convert -5106462 (base 9) to base 4.
-22120103300
1000110110101101001011 (base 2) to base 11
1345a77
Convert -16817 (base 15) to base 16.
-11bf9
What is -135743 (base 10) in base 6?
-2524235
-25604 (base 12) to base 5
-3112410
Convert -98bf0 (base 16) to base 10.
-625648
What is -31425 (base 9) in base 7?
-114344
Convert 947411 (base 11) to base 12.
612464
What is 11000021002002 (base 3) in base 2?
1000001000001111101011
What is 373236 (base 8) in base 5?
13104140
-21210002211021 (base 3) to base 9
-7702737
Convert 59c5b0 (base 16) to base 7.
101002341
Convert 2251 (base 14) to base 9.
8142
What is 135915 (base 13) in base 9?
785026
-955c7 (base 14) to base 6
-11421311
Convert -5bab2b (base 12) to base 14.
-2ab5d1
-211130220 (base 4) to base 11
-a5270
657205 (base 9) to base 5
100023434
What is 704701 (base 8) in base 9?
383056
What is 23023535 (base 6) in base 10?
703283
-221222120100 (base 3) to base 13
-14ba3a
Convert -227671 (base 9) to base 11.
-93920
What is cb8b (base 15) in base 16?
a862
-57979 (base 12) to base 10
-117165
What is -774472 (base 9) in base 10?
-462575
-23310200310 (base 4) to base 3
-12211102120210
What is 1a5c (base 15) in base 5?
140322
31c5c3 (base 13) to base 7
12641343
What is -10013012 (base 5) in base 12?
-39964
-1a36842 (base 12) to base 7
-65105111
Convert -11011100102010 (base 3) to base 11.
-1280475
-3ca4a (base 16) to base 13
-890a3
66e4d0 (base 15) to base 12
1788589
Convert 121202221201 (base 3) to base 4.
1100213122
Convert 11013204 (base 5) to base 11.
65256
242343 (base 5) to base 14
345c
What is 65546641 (base 7) in base 10?
5625523
Convert aff87c (base 16) to base 11.
6567521
10100230 (base 4) to base 6
212444
100100011001000010010 (base 2) to base 13
329a02
6a1937 (base 13) to base 11
146a182
116559 (base 13) to base 14
aac03
What is 14035361 (base 7) in base 8?
4761317
Convert 14988665 (base 10) to base 8.
71132571
What is 1b858 (base 12) in base 10?
40964
-342323321 (base 5) to base 12
-61761b
What is -3d566a (base 15) in base 14?
-56ca51
What is -204620 (base 9) in base 8?
-355256
420809 (base 14) to base 16
2205c9
Convert -608964 (base 14) to base 2.
-1100011001101000111100
-44b82 (base 13) to base 2
-11110100001000101
What is -20200202 (base 3) in base 13?
-22b5
203306 (base 15) to base 13
417282
-2282775 (base 10) to base 4
-20231110113
Convert 12311300132 (base 4) to base 6.
102233102
Convert -15ca6c (base 13) to base 10.
-542242
What is 186a88 (base 16) in base 2?
110000110101010001000
What is 110111010111101001 (base 2) in base 7?
1633130
1100010110100110 (base 2) to base 10
50598
Convert 757b2 (base 16) to base 13.
13b047
Convert -11201202002001 (base 3) to base 10.
-2514376
Convert -141004021 (base 5) to base 16.
-af99d
What is 7528504 (base 9) in base 15?
54a6ea
What is -100001110110110011 (base 2) in base 13?
-4b174
Convert -4334012 (base 5) to base 14.
-1d0c1
What is -3114037 (base 8) in base 16?
-c981f
Convert 53553325 (base 7) to base 6.
241523401
-10000100110010101000 (base 2) to base 3
-1000122002220
Convert -21130324 (base 5) to base 11.
-110a57
Convert -13c478 (base 13) to base 16.
-76313
22250400 (base 6) to base 7
5511660
What is 2090252 (base 11) in base 8?
16012066
Convert -994c0 (base 15) to base 8.
-1667250
-caa6 (base 14) to base 9
-53046
121699 (base 11) to base 9
323046
What is -abe36d (base 16) in base 3?
-210012022111200
2143ba (base 13) to base 4
2332210303
Convert 4245036 (base 7) to base 9.
865180
-427b60 (base 13) to base 11
-975838
-116866 (base 11) to base 5
-21402333
Convert -1ba163b (base 14) to base 16.
-d31605
What is 88241 (base 14) in base 3?
121202022012
Convert 2886861 (base 9) to base 4.
12010320013
Convert 246621 (base 7) to base 9.
68470
What is -490065 (base 15) in base 11?
-1a76565
Convert 10000001101111001 (base 2) to base 13.
24308
What is -512234 (base 6) in base 10?
-40702
What is 333310234 (base 6) in base 5?
3021341332
What is -23106643 (base 7) in base 10?
-2019223
Convert 26223 (base 16) to base 2.
100110001000100011
Convert 5aa96a (base 14) to base 6.
150255442
-2102220332 (base 4) to base 15
-bce78
What is 8943de (base 15) in base 8?
30757161
-21412 (base 12) to base 15
-ce95
What is -2686429 (base 10) in base 16?
-28fddd
What is 271363 (base 8) in base 13?
342bb
Convert -38b9734 (base 12) to base 16.
-aacbd8
What is 102110210130 (base 4) in base 3?
100001000021010
Convert 1111142 (base 10) to base 6.
35452102
What is 24663206 (base 7) in base 3?
11012111120002
Convert -13252121 (base 6) to base 10.
-442417
What is -883602 (base 9) in base 13?
-156182
What is -12103442 (base 5) in base 7?
-650303
Convert 5864241 (base 9) to base 12.
108b83a
21220112021 (base 3) to base 10
155662
Convert 1312210 (base 4) to base 12.
4484
Convert 21013112 (base 4) to base 6.
444502
Convert 3324511 (base 6) to base 15.
346e4
Convert -311301401 (base 5) to base 8.
-4672532
What is 12102212120 (base 3) in base 9?
172776
What is 100110000110001101111 (base 2) in base 10?
1248367
Convert 22526a8 (base 11) to base 16.
3c262f
What is -4c6b9 (base 14) in base 13?
-67703
What is 46a0d (base 14) in base 6?
3404433
What is 543134 (base 8) in base 16?
2c65c
10000101101110010110 (base 2) to base 15
ac459
1083227 (base 10) to base 3
2001000220112
Convert -100010001100000110 (base 2) to base 7.
-1122163
4cb54 (base 16) to base 2
1001100101101010100
What is -10122101010 (base 3) in base 8?
-214043
What is -11032202201 (base 4) in base 16?
-14e8a1
-253700 (base 8) to base 15
-1b11a
Convert -391b9 (base 12) to base 4.
-103003131
Convert -125691 (base 13) to base 14.
-b6788
What is 22551515 (base 7) in base 12?
7b5328
Convert 2173751 (base 11) to base 12.
1339918
-414101330 (base 5) to base 2
-110100000100111100001
What is 31a8798 (base 13) in base 3?
1001112000102021
Convert -1001100110001001101 (base 2) to base 9.
-528303
What is 5224403 (base 6) in base 12?
102103
3122 (base 4) to base 9
262
2724707 (base 12) to base 3
112121102002121
Convert -253524 (base 13) to base 12.
-370849
Convert -212144114 (base 5) to base 7.
-10423350
-1273172 (base 8) to base 16
-5767a
What is -22103155 (base 6) in base 2?
-10100001100010101111
What is -1de53 (base 15) in base 8?
-276700
Convert 62234750 (base 8) to base 15.
125765a
Convert 41143102 (base 5) to base 9.
558330
What is -607bb (base 15) in base 11?
-199589
What is 14641425 (base 7) in base 13?
3a275c
Convert -ad49 (base 14) to base 12.
-15485
What is c126 (base 16) in base 12?
24746
What is -10602616 (base 7) in base 2?
-11100001111011000010
Convert -601734 (base 12) to base 4.
-11231023120
Convert -9a6478 (base 16) to base 13.
-2133650
16b8aa (base 12) to base 11
249742
-6a8499 (base 13) to base 12
-a2116a
-767439 (base 11) to base 16
-12b156
Convert -38938 (base 13) to base 8.
-314573
What is -220167 (base 9) in base 12?
-6402a
Convert -1630005 (base 7) to base 2.
-110111000110100011
What is -32201001031 (base 4) in base 13?
-a33045
What is -101001001000000000 (base 2) in base 12?
-81594
546895 (base 10) to base 7
4435306
-4310a (base 13) to base 6
-2332130
Convert 117c9 (base 13) to base 7.
162414
-2a3431 (base 11) to base 8
-1633677
Convert -2654 (base 14) to base 2.
-1101001010010
Convert -22030213 (base 4) to base 3.
-2010021221
What is -102161603 (base 7) in base 12?
-202a868
Convert 391732 (base 10) to base 16.
5fa34
63371 (base 12) to base 11
89